, 7
Let l be -6 - ((-1)/(-1) + -4). Let p(r) = -r**3 + 5*r**2 + 2*r + 1. What are the prime factors of p(l)?
67
Let q be (0/(-2))/((-10)/5). Suppose h = -q*h. Let i(b) = b + 10. What are the prime factors of i(h)?
2, 5
Let i be 98260/(-70) - 4/14. Suppose h - 8 = 6. List the prime factors of (-4)/h + i/(-63).
2, 11
What are the prime factors of ((-408)/(-30))/(38/(-40) - -1)?
2, 17
Suppose -5*z = 5*v + 175, -2*v + 4*z = z + 60. Let h = v - -61. What are the prime factors of h?
2, 7
List the prime factors of 1*8/(-36) - (-111595)/99.
7, 23
Suppose 4*b = -3*w + 2353, -8*b + w = -12*b + 2363. List the prime factors of b.
2, 37
Let m(y) = -15*y + 1. Let w(t) = -t + 5. Let h be w(7). What are the prime factors of m(h)?
31
Let k(q) = q**2 - 5*q + 2. Let r = -10 + 14. Let l be k(r). List the prime factors of (-177)/(-6) + l/4.
29
Suppose 3*g - 3 = 0, -5*g + 42 = -4*d + 721. Suppose -3*p = -6*p + d. What are the prime factors of p?
3, 19
Let p(z) = -26*z**3 + 3*z + 1. What are the prime factors of p(-1)?
2, 3
Let p be (0 - -6)*(2 - 3). Let q be (-14)/42 - 14/p. Suppose -q*k + 2 = 0, -h + 41 = -k + 5*k. What are the prime factors of h?
37
Suppose 5*d + 10 = -5*a, 2*d + a = -4 + 5. Suppose -2*u = 5*j + 728, -u - j = -d*u - 752. What are the prime factors of 9/36 - u/8?
47
Let a(c) = 206*c + 6. List the prime factors of a(9).
2, 3, 5, 31
Let l = -2 + 4. Suppose l*d - 10 = -6. Suppose 24 = 2*a + 5*t, a - d*t = 16 - 4. List the prime factors of a.
2, 3
What are the prime factors of (-4)/(-2) + ((-306)/2)/(-1)?
5, 31
Let c be (-15)/20 + (-182)/(-8). Suppose -17*x = -c*x + 600. Suppose n = -n - 3*b + 61, -4*b = 4*n - x. What are the prime factors of n?
29
What are the prime factors of (-7998)/387*16*-12?
2, 31
Suppose 0 = -3*t + 106 + 98. Let x = -16 + t. List the prime factors of x.
2, 13
Let h(o) = 2*o**3 + 4*o**2 - 4*o + 1. Let i be (3 + -1)/(2/4). Let v be 0/3 - (i + -6). List the prime factors of h(v).
5
Suppose 0 = 11*d - 1364 - 176. What are the prime factors of d?
2, 5, 7
Let n(j) = j**2 - 19*j - 7. Let z be n(19). Let o(c) = -13*c - 29. List the prime factors of o(z).
2, 31
Let x(s) = -3*s**3 + 40*s**2 + 34*s - 34. Let h be x(14). Let u = 12 - -76. Let m = u - h. What are the prime factors of m?
2, 19
Let h be (-5 + -1)/3 + 1262. Let c be (-6)/(-8) - h/(-48). Let a = c - 16. List the prime factors of a.
11
Suppose 105 = -4*b - 123. Let l = b + 99. Suppose 3*v - i - l = 3*i, 0 = i + 3. List the prime factors of v.
2, 5
Suppose 0 = 7*u - 0*u - 4459. Suppose -u = 2*y - 9*y. List the prime factors of y.
7, 13
Let u be 5/6 + (-9)/(-54). Suppose 2*d - d - u = 0. Suppose -3*r + 5 + d = 0. List the prime factors of r.
2
Let r = 32 - 18. Suppose -4*y = -3*f - 95, -4*f = -2*y + y + r. Let o = -6 + y. What are the prime factors of o?
2, 5
Let i be (279/31)/((-3)/(-46)). Suppose -12 = 3*n - i. List the prime factors of n.
2, 3, 7
Let l(a) = a + 3. Let w be l(3). Suppose 0 = 3*j - 3 - 3. Suppose j*v + f - w = 3*f, -f = -5. List the prime factors of v.
2
Let u be (-12)/30 + 574/10. Let x = -35 + u. What are the prime factors of x?
2, 11
Let m be (18/(-15))/((-4)/10). Suppose 0 = m*y - 8*y. Suppose y = 3*x - 3*t - 84, -5*x - 2*t + t + 158 = 0. What are the prime factors of x?
31
What are the prime factors of 908*((-99)/36 - -3)?
227
Let u(i) be the third derivative of -i**5/60 + i**4/24 + i**3/6 - 8*i**2. Let o be u(2). List the prime factors of ((1 + -49)/4)/o.
2, 3
Suppose -4*o + 2*v = 3*v - 37, 4*v = 3*o - 4. Let i = 98 - 24. Suppose o*a - i = 214. What are the prime factors of a?
2, 3
Let q(d) be the first derivative of -21*d**4/2 - d**2 - d + 12. What are the prime factors of q(-1)?
43
Let p = -9 - -21. Let u = p + -8. Suppose 0*z - 108 = -u*z. What are the prime factors of z?
3
Suppose -13*f = -22*f + 477. List the prime factors of f.
53
Let h(u) = 22*u**3 + 10*u**2 + 7*u - 39. List the prime factors of h(4).
3, 173
Suppose -z + 2*z - 24 = 0. Suppose 152 + z = 4*o. Let a = o - 25. List the prime factors of a.
19
Suppose -1603*m + 1589*m + 43610 = 0. List the prime factors of m.
5, 7, 89
Suppose r + 4206 = 4*o + 6*r, -4*o + 3*r = -4190. List the prime factors of o.
1049
Suppose -5*m + 12 = 2. Let f be 27/18 - 3/m. Suppose 2*l + 5 - 25 = f. What are the prime factors of l?
2, 5
Let k be (27 - 22) + (-6)/4*-2. List the prime factors of (-123)/(-2)*k/6.
2, 41
Suppose 0 = f - 2*c, -4*f + 4*c + 0 = -4. Suppose 1 = -2*o + m, -2*o = -2*m - 2 + 4. Suppose o = -f*s + 4 + 18. What are the prime factors of s?
11
Let a(n) = 4*n - 34*n - 24*n. What are the prime factors of a(-1)?
2, 3
Let t(y) be the third derivative of -4*y**2 + 1/6*y**4 + 0*y + 1/120*y**6 + 2/3*y**3 + 0 + 1/12*y**5. List the prime factors of t(-3).
2, 5
Let b(z) = 3*z**2 + 11*z - 4. Let x be b(7). Suppose 0 = 5*n + 2*y - 7*y - x, -184 = -4*n + 2*y. What are the prime factors of (n/20)/(1/5)?
2, 3
Let s(p) = p**3 - 13*p**2 + 16*p - 3. Let m be s(12). Suppose -m = v - 2*v. Suppose 0 = -6*j + 5*j + v. What are the prime factors of j?
3, 5
Let t = 47 + -17. What are the prime factors of (1 + 322/(-10))/((-6)/t)?
2, 3, 13
Suppose 5997 = 12*m - 2895. List the prime factors of m.
3, 13, 19
Let k be 2*(-2 - -1) - 1. What are the prime factors of 0 - -3 - k*8?
3
Suppose 5*q = 0, -3*q + 0*q = -2*x + 8. Suppose 3*f - 354 = -0*f + x*j, -5*j + 625 = 5*f. List the prime factors of f.
2, 61
Suppose r - 2792 = -5*i, -r + 2224 = 4*i + 3*r. List the prime factors of i.
13, 43
Let l = 63 + -95. Let y = l - -74. What are the prime factors of y?
2, 3, 7
Let c(x) = x**3 + 2*x - 2. Suppose -2*p + 0 - 2 = -5*y, -2*p = -y - 6. Let s be c(y). List the prime factors of 2/s - (-188)/10.
19
Let h = -2517 - -4086. List the prime factors of h.
3, 523
Let u = -81 + 102. What are the prime factors of (-8 - (1 - 4)) + u?
2
Let f(i) = i - 5. Let z be f(7). Let y(u) be the third derivative of 7*u**5/60 + u**4/24 - u**3/6 + 18*u**2. List the prime factors of y(z).
29
Let j be 8/10*(-60)/(-24). Suppose -54 = j*t - 350. List the prime factors of t.
2, 37
Suppose 0 = n - 5*r - 134 - 266, 0 = -2*r. What are the prime factors of n?
2, 5
List the prime factors of 818/6 + 24/(-72).
2, 17
Let w be (-1 + (-3)/(-2))/(23/46). Suppose -n = -w, 0 = 5*g - 5*n - 20 - 175. What are the prime factors of g?
2, 5
List the prime factors of ((1 - -62) + -1)*(-137 - -153).
2, 31
Suppose 0*b - 2239 = -2*y - 5*b, -5*b = -y + 1127. What are the prime factors of y?
2, 3, 11, 17
Let y be (0/(-2))/(-13 + 14). Let r(j) = -j**2 + j + 2. Let d be r(y). Suppose -3*g - 6 = 0, -f - d*g + 181 = 4*f. What are the prime factors of f?
37
Let d be ((10/25)/(2/1310))/(-2). Let u = d - -269. List the prime factors of u.
2, 3, 23
Let c(y) = y**3 + 3*y**2 - 6*y - 1. Let a be c(-4). Suppose -a = -2*b - 19. Let p(m) = -3*m. List the prime factors of p(b).
2, 3
Let x(n) = 10*n + 104 - 127 - 33*n. List the prime factors of x(-9).
2, 23
Let g(x) = 3*x**2 - 6*x + 86. What are the prime factors of g(10)?
2, 163
Suppose 0 = -o - 1, 0*o = -5*d + 4*o + 324. Let g = 108 - d. List the prime factors of g.
2, 11
Let j(l) = -9*l - 45. Let w(z) = -17*z - 91. Let h(g) = -7*j(g) + 4*w(g). What are the prime factors of h(-12)?
11
Let z = -157 - 139. Let r be z/56 - (-2)/7. Let j(h) = -h**2 - 7*h. List the prime factors of j(r).
2, 5
Suppose -6*s + 7829 = -22795. List the prime factors of s.
2, 11, 29
Suppose 15*k - 14212 = 158. List the prime factors of k.
2, 479
Suppose -2*r + 0*r + 5*b + 1660 = 0, 2*b = r - 830. What are the prime factors of r?
2, 5, 83
What are the prime factors of (-64)/160*(-2371 + 1)?
2, 3, 79
Suppose 0*r = 2*r + 6. Let u(j) be the third derivative of j**5/60 + j**4/12 + j**3/3 - j**2 - 48. List the prime factors of u(r).
5
Suppose -k + 4*n - n - 10 = 0, -4*k + 2*n = -10. Suppose -4*s + 482 = k*p, p - 4*p = 6. List the prime factors of s.
3, 41
Let q = -5 - -10. Let r(v) = v**3 - 3 - q + v**2 - 3 + 4 - 3*v. What are the prime factors of r(4)?
61
Suppose 6*y = 1959 + 4779. List the prime factors of y.
1123
Let n = 162 + 116. What are the prime factors of n?
2, 139
Let l(h) = h**3 + 8*h**2 - 10*h + 5. Let x be l(-9). Suppose -x*j + 16*j - 112 = 0. What are the prime factors of j?
2, 7
Let p(v) = 399*v + 1 - 380*v - 20. List the prime factors of p(3).
2, 19
Suppose -2 = 5*q +